t is the highest common divisor of 1017 and 4918099?
113
What is the highest common divisor of 1348 and 50545956?
1348
Calculate the highest common factor of 118664 and 157248.
728
Calculate the greatest common factor of 5888 and 69448.
8
Calculate the highest common divisor of 1647 and 16930917.
27
Calculate the highest common factor of 115706920 and 8036.
1148
Calculate the greatest common divisor of 1161373 and 4496.
281
What is the greatest common factor of 2083266612 and 28?
28
What is the highest common factor of 20 and 48154?
2
Calculate the highest common factor of 102046635 and 3402.
243
Calculate the highest common factor of 15925 and 30695.
35
What is the highest common divisor of 2528125 and 500?
125
What is the greatest common factor of 73818 and 57726?
54
What is the highest common factor of 1113 and 7101612?
21
Calculate the greatest common divisor of 44 and 18884404.
44
Calculate the highest common divisor of 207 and 7582203.
207
Calculate the highest common factor of 456715 and 25900.
35
Calculate the highest common divisor of 1748454 and 324750.
2598
What is the highest common factor of 5517 and 1647131?
613
What is the highest common divisor of 97 and 89576687?
97
Calculate the greatest common divisor of 59 and 20904054.
59
What is the greatest common factor of 1089 and 4726623?
363
What is the highest common factor of 361 and 1267?
1
What is the highest common divisor of 1090 and 140450?
10
What is the highest common factor of 1 and 79151398?
1
Calculate the greatest common divisor of 75 and 2832800.
25
What is the greatest common factor of 58 and 170666?
2
Calculate the greatest common factor of 6878600 and 30384.
1688
What is the highest common divisor of 325474 and 77349344?
2986
Calculate the highest common divisor of 1841 and 231338219.
1841
Calculate the highest common factor of 7992 and 981166.
74
What is the highest common factor of 1842697 and 404093?
823
What is the greatest common factor of 10375 and 2565375?
125
What is the highest common factor of 2344 and 2036057?
293
What is the greatest common factor of 8449128 and 90?
18
Calculate the greatest common factor of 15597816 and 2652.
156
Calculate the greatest common factor of 3172 and 614392.
244
Calculate the highest common factor of 1507775 and 155.
5
Calculate the greatest common divisor of 386140 and 98685.
215
Calculate the highest common factor of 455388 and 14844.
12
What is the highest common factor of 680 and 24785660?
340
Calculate the highest common factor of 30 and 152451490.
10
What is the greatest common factor of 4 and 507071?
1
What is the greatest common divisor of 18617389 and 35?
7
What is the greatest common factor of 155935 and 175?
5
Calculate the highest common factor of 2307590 and 6713815.
9085
What is the highest common factor of 20641230 and 15?
15
Calculate the highest common factor of 312 and 8194030.
26
Calculate the greatest common factor of 1184 and 4740403.
37
What is the greatest common factor of 38 and 58055773?
19
Calculate the highest common divisor of 90714 and 23143700.
2326
Calculate the highest common divisor of 16 and 2803139.
1
Calculate the greatest common divisor of 5395 and 9535123.
1079
What is the greatest common divisor of 1379672649 and 27?
27
Calculate the greatest common factor of 4800 and 388887360.
960
What is the highest common factor of 154942850 and 6625?
1325
What is the greatest common factor of 226058124 and 228?
228
Calculate the highest common factor of 114156225 and 75.
75
What is the greatest common factor of 62103 and 53467?
127
What is the greatest common factor of 2290 and 54830?
10
Calculate the highest common divisor of 442078376 and 71.
71
Calculate the greatest common factor of 70172 and 1240588.
1324
What is the highest common divisor of 247 and 251917523?
247
Calculate the greatest common factor of 72439431 and 2524.
631
Calculate the highest common factor of 8901 and 146824962.
2967
What is the highest common factor of 363 and 8594091?
33
What is the greatest common factor of 10756537 and 22?
11
What is the greatest common divisor of 165767267 and 19?
19
What is the highest common divisor of 136 and 2450686?
34
What is the highest common divisor of 681 and 19519957?
227
Calculate the greatest common divisor of 69703609 and 19.
19
Calculate the highest common factor of 73 and 3226560945.
73
Calculate the highest common factor of 20387 and 1490397.
1073
Calculate the greatest common factor of 4638 and 10362838.
1546
Calculate the greatest common divisor of 10 and 98811020.
10
Calculate the greatest common divisor of 1351867 and 319.
11
What is the greatest common factor of 3069735 and 22515?
285
What is the highest common factor of 982278 and 2337?
123
What is the highest common divisor of 259 and 22272446?
259
What is the highest common divisor of 208 and 222391?
13
What is the highest common factor of 442496 and 43392?
128
Calculate the greatest common factor of 1851895 and 1530.
85
Calculate the greatest common divisor of 48 and 43111984.
16
Calculate the highest common factor of 13050 and 10607040.
2610
What is the highest common factor of 106 and 162049249?
53
What is the highest common divisor of 391 and 15756399?
17
Calculate the greatest common divisor of 26580864 and 1024.
128
Calculate the greatest common divisor of 8 and 45921544.
8
Calculate the greatest common divisor of 182 and 3321052.
14
Calculate the greatest common divisor of 1544 and 792458.
386
Calculate the greatest common divisor of 24920 and 499390570.
6230
Calculate the greatest common divisor of 91630 and 184364950.
5390
Calculate the greatest common divisor of 30149 and 1665629.
413
Calculate the highest common divisor of 34276578 and 1443.
111
What is the greatest common factor of 8 and 2940548056?
8
What is the greatest common factor of 3575 and 3926351?
143
What is the highest common factor of 66458 and 1429756?
202
Calculate the greatest common factor of 29839 and 121105.
53
Calculate the greatest common divisor of 5885989 and 24479.
269
Calculate the greatest common factor of 2116772 and 782.
34
Calculate the highest common divisor of 7151544 and 3164.
452
Calculate the highest common factor of 5814036 and 114.
6
What is the greatest common factor of 128 and 36714872?
8
What is the greatest common factor of 2760936 and 25856?
808
What is the greatest common divisor of 57231392 and 5056?
2528
Calculate the highest common divisor of 248 and 11107672.
248
What is the highest common divisor of 1392 and 44973336?
24
Calculate the highest common factor of 422 and 2422702.
422
What is the greatest common factor of 64194925 and 106?
53
Calculate the greatest common divisor of 14103 and 11271431.
1567
Calculate the greatest common divisor of 10028765 and 52375.
2095
What is the highest common factor of 19327 and 152901?
7
What is the greatest common factor of 137470 and 603570?
590
What is the greatest common divisor of 570 and 582350?
190
Calculate the greatest common divisor of 680946 and 19158.
186
What is the greatest common divisor of 1542048018 and 6118?
6118
What is the greatest common divisor of 33406280 and 28618?
698
What is the greatest common factor of 9002 and 93352?
14
Calculate the greatest common divisor of 149172 and 1182549.
1203
What is the greatest common factor of 130 and 7853404?
26
Calculate the highest common factor of 3590 and 172129730.
3590
Calculate the highest common factor of 2970682 and 360646.
3718
Calculate the highest common divisor of 672 and 23760324.
84
Calculate the greatest common factor of 95361 and 2779809.
717
Calculate the greatest common factor of 9814504 and 1715.
49
What is the highest common divisor of 1019268 and 7452?
828
What is the greatest common divisor of 9 and 18667317?
3
What is the highest common divisor of 803 and 2778015?
73
What is the greatest common divisor of 91254930 and 1230?
1230
Calculate the greatest common factor of 123 and 5042139.
123
Calculate the highest common factor of 5500308 and 60.
12
What is the highest common factor of 770714 and 4928?
14
What is the greatest common divisor of 192502 and 5539?
29
What is the highest common factor of 16 and 2473136?
16
Calculate the highest common divisor of 4584 and 1861320.
24
What is the highest comm